{"id":10,"date":"2013-11-19T11:13:41","date_gmt":"2013-11-19T09:13:41","guid":{"rendered":"http:\/\/www.kai-rostasy.com\/shows\/?page_id=10"},"modified":"2025-09-29T17:22:21","modified_gmt":"2025-09-29T15:22:21","slug":"impressum","status":"publish","type":"page","link":"https:\/\/www.kai-rostasy.com\/shows\/impressum\/","title":{"rendered":"IMPRESSUM"},"content":{"rendered":"<p><strong>IMPRESSUM<\/strong><\/p>\n<p><span style=\"color: #000000;\"><br \/>\n<strong>Anbieterkennung gem\u00e4\u00df \u00a75 Telemediengesetz (TMG):<\/strong><\/span><\/p>\n<p>Dienstanbieter: Kai Rost\u00e1sy<br \/>\n<span style=\"color: #000000;\">Adresse: Kai Rost\u00e1sy, Friedelstr.30, Berlin 12047<br \/>\n<\/span>Vertretungsberechtigter: Kai Rost\u00e1sy<br \/>\nVerantwortlich f\u00fcr den Inhalt nach \u00a7 55 Abs. 2 RStV: Kai Rost\u00e1sy<\/p>\n<p>Telefon: +49 30 &#8211; 62 35 802<br \/>\n<span style=\"color: #000000;\">Email: info[at]kai-rostasy.com<br \/>\nWeb: www.kai-rostasy.com<\/span><\/p>\n<p>Copyright: KAI ROST\u00c1SY<\/p>\n<p><span style=\"color: #000000;\"> Webdesign: <a title=\"famewithoutmoney.biz\" href=\"http:\/\/www.famewithoutmoney.biz\" target=\"_blank\" rel=\"noopener\">Enis Selmanagic 2008 &amp; 2013. 2017. 2021<\/a><\/span><\/p>\n<p>&nbsp;<\/p>\n<p><strong>Verbraucherschlichtung<\/strong><\/p>\n<p>WIR SIND ZUR TEILNAHME AN EINEM STREITBEILEGUNGSVERFAHREN VOR EINER VERBRAUCHERSCHLICHTUNGSSTELLE WEDER VERPFLICHTET NOCH BEREIT.<\/p>\n<p>&nbsp;<\/p>\n<p><strong><span style=\"color: #000000;\">Haftungsausschlu\u00df<\/span><\/strong><\/p>\n<p>TROTZ SORGF\u00c4LTIGER INHALTLICHER KONTROLLE WIRD KEINE HAFTUNG F\u00dcR DIE INHALTE EXTERNER LINKS \u00dcBERNOMMEN. F\u00dcR DEN INHALT DER VERLINKTEN SEITEN SIND AUSSCHLIESSLICH DEREN BETREIBER VERANTWORTLICH.<\/p>\n<p>1. INHALT DES ONLINEANGEBOTES<\/p>\n<p>DER AUTOR \u00dcBERNIMMT KEINERLEI GEW\u00c4HR F\u00dcR DIE AKTUALIT\u00c4T, KORREKTHEIT, VOLLST\u00c4NDIGKEIT ODER QUALIT\u00c4T DER BEREITGESTELLTEN INFORMATIONEN. HAFTUNGSANSPR\u00dcCHE GEGEN DEN AUTOR, WELCHE SICH AUF SCH\u00c4DEN MATERIELLER ODER IDEELLER ART BEZIEHEN, DIE DURCH DIE NUTZUNG ODER NICHTNUTZUNG DER DARGEBOTENEN INFORMATIONEN BZW. DURCH DIE NUTZUNG FEHLERHAFTER UND UNVOLLST\u00c4NDIGER INFORMATIONEN VERURSACHT WURDEN, SIND GRUNDS\u00c4TZLICH AUSGESCHLOSSEN, SOFERN SEITENS DES AUTORS KEIN NACHWEISLICH VORS\u00c4TZLICHES ODER GROB FAHRL\u00c4SSIGES VERSCHULDEN VORLIEGT. ALLE ANGEBOTE SIND FREIBLEIBEND UND UNVERBINDLICH. DER AUTOR BEH\u00c4LT ES SICH AUSDR\u00dcCKLICH VOR, TEILE DER SEITEN ODER DAS GESAMTE ANGEBOT OHNE GESONDERTE ANK\u00dcNDIGUNG ZU VER\u00c4NDERN, ZU ERG\u00c4NZEN, ZU L\u00d6SCHEN ODER DIE VER\u00d6FFENTLICHUNG ZEITWEISE ODER ENDG\u00dcLTIG EINZUSTELLEN.<\/p>\n<p>2. VERWEISE UND LINKS<\/p>\n<p>BEI DIREKTEN ODER INDIREKTEN VERWEISEN AUF FREMDE WEBSEITEN (\u201dHYPERLINKS\u201d), DIE AUSSERHALB DES VERANTWORTUNGSBEREICHES DES AUTORS LIEGEN, W\u00dcRDE EINE HAFTUNGSVERPFLICHTUNG AUSSCHLIESSLICH IN DEM FALL IN KRAFT TRETEN, IN DEM DER AUTOR VON DEN INHALTEN KENNTNIS HAT UND ES IHM TECHNISCH M\u00d6GLICH UND ZUMUTBAR W\u00c4RE, DIE NUTZUNG IM FALLE RECHTSWIDRIGER INHALTE ZU VERHINDERN. DER AUTOR ERKL\u00c4RT HIERMIT AUSDR\u00dcCKLICH, DASS ZUM ZEITPUNKT DER LINKSETZUNG KEINE ILLEGALEN INHALTE AUF DEN ZU VERLINKENDEN SEITEN ERKENNBAR WAREN. AUF DIE AKTUELLE UND ZUK\u00dcNFTIGE GESTALTUNG, DIE INHALTE ODER DIE URHEBERSCHAFT DER GELINKTEN ODER VERKN\u00dcPFTEN SEITEN HAT DER AUTOR KEINERLEI EINFLUSS. DESHALB DISTANZIERT ER SICH HIERMIT AUSDR\u00dcCKLICH VON ALLEN INHALTEN ALLER GELINKTEN \/VERKN\u00dcPFTEN SEITEN, DIE NACH DER LINKSETZUNG VER\u00c4NDERT WURDEN. DIESE FESTSTELLUNG GILT F\u00dcR ALLE INNERHALB DES EIGENEN INTERNETANGEBOTES GESETZTEN LINKS UND VERWEISE SOWIE F\u00dcR FREMDEINTR\u00c4GE IN VOM AUTOR EINGERICHTETEN G\u00c4STEB\u00dcCHERN, DISKUSSIONSFOREN UND MAILINGLISTEN. F\u00dcR ILLEGALE, FEHLERHAFTE ODER UNVOLLST\u00c4NDIGE INHALTE UND INSBESONDERE F\u00dcR SCH\u00c4DEN, DIE AUS DER NUTZUNG ODER NICHTNUTZUNG SOLCHERART DARGEBOTENER INFORMATIONEN ENTSTEHEN, HAFTET ALLEIN DER ANBIETER DER SEITE, AUF WELCHE VERWIESEN WURDE, NICHT DERJENIGE, DER \u00dcBER LINKS AUF DIE JEWEILIGE VER\u00d6FFENTLICHUNG LEDIGLICH VERWEIST.<\/p>\n<p>3. URHEBER- UND KENNZEICHENRECHT<\/p>\n<p>DER AUTOR IST BESTREBT, IN ALLEN PUBLIKATIONEN DIE URHEBERRECHTE DER VERWENDETEN GRAFIKEN, TONDOKUMENTE, VIDEOSEQUENZEN UND TEXTE ZU BEACHTEN, VON IHM SELBST ERSTELLTE GRAFIKEN, TONDOKUMENTE, VIDEOSEQUENZEN UND TEXTE ZU NUTZEN ODER AUF LIZENZFREIE GRAFIKEN, TONDOKUMENTE, VIDEOSEQUENZEN UND TEXTE ZUR\u00dcCKZUGREIFEN. ALLE INNERHALB DES INTERNETANGEBOTES GENANNTEN UND GGF. DURCH DRITTE GESCH\u00dcTZTEN MARKEN- UND WARENZEICHEN UNTERLIEGEN UNEINGESCHR\u00c4NKT DEN BESTIMMUNGEN DES JEWEILS G\u00dcLTIGEN KENNZEICHENRECHTS UND DEN BESITZRECHTEN DER JEWEILIGEN EINGETRAGENEN EIGENT\u00dcMER. ALLEIN AUFGRUND DER BLOSSEN NENNUNG IST NICHT DER SCHLUSS ZU ZIEHEN, DASS MARKENZEICHEN NICHT DURCH RECHTE DRITTER GESCH\u00dcTZT SIND! DAS COPYRIGHT F\u00dcR VER\u00d6FFENTLICHTE, VOM AUTOR SELBST ERSTELLTE OBJEKTE BLEIBT ALLEIN BEIM AUTOR DER SEITEN. EINE VERVIELF\u00c4LTIGUNG ODER VERWENDUNG SOLCHER GRAFIKEN, TONDOKUMENTE, VIDEOSEQUENZEN UND TEXTE IN ANDEREN ELEKTRONISCHEN ODER GEDRUCKTEN PUBLIKATIONEN IST OHNE AUSDR\u00dcCKLICHE ZUSTIMMUNG DES AUTORS NICHT GESTATTET.<\/p>\n<p>4. DATENSCHUTZ<\/p>\n<p>SOFERN INNERHALB DES INTERNETANGEBOTES DIE M\u00d6GLICHKEIT ZUR EINGABE PERS\u00d6NLICHER ODER GESCH\u00c4FTLICHER DATEN (EMAILADRESSEN, NAMEN, ANSCHRIFTEN) BESTEHT, SO ERFOLGT DIE PREISGABE DIESER DATEN SEITENS DES NUTZERS AUF AUSDR\u00dcCKLICH FREIWILLIGER BASIS. DIE INANSPRUCHNAHME UND BEZAHLUNG ALLER ANGEBOTENEN DIENSTE IST &#8211; SOWEIT TECHNISCH M\u00d6GLICH UND ZUMUTBAR &#8211; AUCH OHNE ANGABE SOLCHER DATEN BZW. UNTER ANGABE ANONYMISIERTER DATEN ODER EINES PSEUDONYMS GESTATTET. DIE NUTZUNG DER IM RAHMEN DES IMPRESSUMS ODER VERGLEICHBARER ANGABEN VER\u00d6FFENTLICHTEN KONTAKTDATEN WIE POSTANSCHRIFTEN, TELEFON- UND FAXNUMMERN SOWIE EMAILADRESSEN DURCH DRITTE ZUR \u00dcBERSENDUNG VON NICHT AUSDR\u00dcCKLICH ANGEFORDERTEN INFORMATIONEN IST NICHT GESTATTET. RECHTLICHE SCHRITTE GEGEN DIE VERSENDER VON SOGENANNTEN SPAM-MAILS BEI VERST\u00d6SSEN GEGEN DIESES VERBOT SIND AUSDR\u00dcCKLICH VORBEHALTEN.<\/p>\n<p>&nbsp;<\/p>\n<p>5. RECHTSWIRKSAMKEIT<\/p>\n<p>DIESES HAFTUNGSAUSSCHLUSSES DIESER HAFTUNGSAUSSCHLUSS IST ALS TEIL DES INTERNETANGEBOTES ZU BETRACHTEN, VON DEM AUS AUF DIESE SEITE VERWIESEN WURDE. SOFERN TEILE ODER EINZELNE FORMULIERUNGEN DIESES TEXTES DER GELTENDEN RECHTSLAGE NICHT, NICHT MEHR ODER NICHT VOLLST\u00c4NDIG ENTSPRECHEN SOLLTEN, BLEIBEN DIE \u00dcBRIGEN TEILE DES DOKUMENTES IN IHREM INHALT UND IHRER G\u00dcLTIGKEIT DAVON UNBER\u00dcHRT.<\/p>\n","protected":false},"excerpt":{"rendered":"<p>IMPRESSUM Anbieterkennung gem\u00e4\u00df \u00a75 Telemediengesetz (TMG): Dienstanbieter: Kai Rost\u00e1sy Adresse: Kai Rost\u00e1sy, Friedelstr.30, Berlin 12047 Vertretungsberechtigter: Kai Rost\u00e1sy Verantwortlich f\u00fcr den Inhalt nach \u00a7 55 Abs. 2 RStV: Kai Rost\u00e1sy Telefon: +49 30 &#8211; 62 35 802 Email: info[at]kai-rostasy.com Web: www.kai-rostasy.com Copyright: KAI ROST\u00c1SY Webdesign: Enis Selmanagic 2008 &amp; 2013. 2017. 2021 &nbsp; Verbraucherschlichtung WIR [&hellip;]<\/p>\n","protected":false},"author":1,"featured_media":0,"parent":0,"menu_order":0,"comment_status":"closed","ping_status":"closed","template":"","meta":{"footnotes":""},"class_list":["post-10","page","type-page","status-publish","hentry"],"aioseo_notices":[],"_links":{"self":[{"href":"https:\/\/www.kai-rostasy.com\/shows\/wp-json\/wp\/v2\/pages\/10","targetHints":{"allow":["GET"]}}],"collection":[{"href":"https:\/\/www.kai-rostasy.com\/shows\/wp-json\/wp\/v2\/pages"}],"about":[{"href":"https:\/\/www.kai-rostasy.com\/shows\/wp-json\/wp\/v2\/types\/page"}],"author":[{"embeddable":true,"href":"https:\/\/www.kai-rostasy.com\/shows\/wp-json\/wp\/v2\/users\/1"}],"replies":[{"embeddable":true,"href":"https:\/\/www.kai-rostasy.com\/shows\/wp-json\/wp\/v2\/comments?post=10"}],"version-history":[{"count":31,"href":"https:\/\/www.kai-rostasy.com\/shows\/wp-json\/wp\/v2\/pages\/10\/revisions"}],"predecessor-version":[{"id":1250,"href":"https:\/\/www.kai-rostasy.com\/shows\/wp-json\/wp\/v2\/pages\/10\/revisions\/1250"}],"wp:attachment":[{"href":"https:\/\/www.kai-rostasy.com\/shows\/wp-json\/wp\/v2\/media?parent=10"}],"curies":[{"name":"wp","href":"https:\/\/api.w.org\/{rel}","templated":true}]}}